r when 878 is divided by 21.
17
What is the remainder when 242 is divided by 28?
18
Calculate the remainder when 16 is divided by 9.
7
Calculate the remainder when 111 is divided by 51.
9
Calculate the remainder when 106 is divided by 2.
0
Calculate the remainder when 8430 is divided by 8.
6
Calculate the remainder when 3966 is divided by 31.
29
Calculate the remainder when 125 is divided by 50.
25
What is the remainder when 1875 is divided by 133?
13
What is the remainder when 96 is divided by 53?
43
What is the remainder when 5493 is divided by 12?
9
What is the remainder when 139 is divided by 48?
43
What is the remainder when 138 is divided by 137?
1
Calculate the remainder when 968 is divided by 42.
2
What is the remainder when 222 is divided by 8?
6
What is the remainder when 53 is divided by 16?
5
What is the remainder when 292 is divided by 62?
44
Calculate the remainder when 217 is divided by 15.
7
What is the remainder when 1027 is divided by 10?
7
Calculate the remainder when 3013 is divided by 26.
23
What is the remainder when 699 is divided by 6?
3
Calculate the remainder when 475 is divided by 44.
35
Calculate the remainder when 235 is divided by 16.
11
What is the remainder when 164 is divided by 6?
2
What is the remainder when 520 is divided by 18?
16
What is the remainder when 2641 is divided by 1317?
7
Calculate the remainder when 104 is divided by 26.
0
What is the remainder when 71 is divided by 12?
11
Calculate the remainder when 2010 is divided by 36.
30
Calculate the remainder when 82 is divided by 31.
20
What is the remainder when 233 is divided by 117?
116
Calculate the remainder when 147 is divided by 93.
54
Calculate the remainder when 359 is divided by 16.
7
Calculate the remainder when 277 is divided by 70.
67
Calculate the remainder when 3346 is divided by 60.
46
Calculate the remainder when 171 is divided by 89.
82
What is the remainder when 324 is divided by 108?
0
What is the remainder when 2394 is divided by 17?
14
Calculate the remainder when 156 is divided by 40.
36
Calculate the remainder when 69 is divided by 31.
7
Calculate the remainder when 55 is divided by 17.
4
What is the remainder when 397 is divided by 7?
5
What is the remainder when 162 is divided by 33?
30
Calculate the remainder when 726 is divided by 6.
0
Calculate the remainder when 308 is divided by 99.
11
Calculate the remainder when 815 is divided by 243.
86
What is the remainder when 54 is divided by 15?
9
What is the remainder when 838 is divided by 169?
162
Calculate the remainder when 349 is divided by 11.
8
Calculate the remainder when 5131 is divided by 65.
61
Calculate the remainder when 348 is divided by 9.
6
Calculate the remainder when 193 is divided by 40.
33
Calculate the remainder when 1026 is divided by 13.
12
Calculate the remainder when 372 is divided by 59.
18
What is the remainder when 69 is divided by 13?
4
What is the remainder when 2943 is divided by 32?
31
What is the remainder when 557 is divided by 18?
17
What is the remainder when 151 is divided by 23?
13
Calculate the remainder when 88 is divided by 68.
20
What is the remainder when 267 is divided by 54?
51
Calculate the remainder when 89 is divided by 15.
14
Calculate the remainder when 51 is divided by 14.
9
What is the remainder when 370 is divided by 64?
50
What is the remainder when 2119 is divided by 178?
161
What is the remainder when 853 is divided by 142?
1
What is the remainder when 25 is divided by 19?
6
Calculate the remainder when 160 is divided by 9.
7
Calculate the remainder when 399 is divided by 137.
125
What is the remainder when 657 is divided by 41?
1
What is the remainder when 1051 is divided by 1?
0
What is the remainder when 2377 is divided by 39?
37
What is the remainder when 636 is divided by 166?
138
Calculate the remainder when 2412 is divided by 134.
0
What is the remainder when 221 is divided by 8?
5
Calculate the remainder when 793 is divided by 160.
153
What is the remainder when 4132 is divided by 10?
2
Calculate the remainder when 6467 is divided by 13.
6
What is the remainder when 293 is divided by 99?
95
Calculate the remainder when 141 is divided by 21.
15
What is the remainder when 7342 is divided by 68?
66
Calculate the remainder when 779 is divided by 9.
5
Calculate the remainder when 236 is divided by 117.
2
Calculate the remainder when 373 is divided by 211.
162
What is the remainder when 831 is divided by 13?
12
Calculate the remainder when 311 is divided by 12.
11
What is the remainder when 6 is divided by 3?
0
What is the remainder when 175 is divided by 16?
15
Calculate the remainder when 564 is divided by 38.
32
Calculate the remainder when 569 is divided by 70.
9
What is the remainder when 20 is divided by 20?
0
What is the remainder when 31193 is divided by 18?
17
Calculate the remainder when 93146 is divided by 146.
144
What is the remainder when 210 is divided by 101?
8
What is the remainder when 210 is divided by 24?
18
Calculate the remainder when 519 is divided by 22.
13
What is the remainder when 153 is divided by 14?
13
Calculate the remainder when 147 is divided by 5.
2
Calculate the remainder when 31 is divided by 23.
8
Calculate the remainder when 188 is divided by 109.
79
What is the remainder when 3836 is divided by 13?
1
What is the remainder when 179 is divided by 15?
14
What is the remainder when 245 is divided by 78?
11
Calculate the remainder when 404 is divided by 130.
14
Calculate the remainder when 123 is divided by 33.
24
What is the remainder when 2182 is divided by 104?
102
Calculate the remainder when 226 is divided by 4.
2
What is the remainder when 201 is divided by 16?
9
Calculate the remainder when 2145 is divided by 153.
3
Calculate the remainder when 342 is divided by 85.
2
Calculate the remainder when 126 is divided by 33.
27
Calculate the remainder when 231 is divided by 25.
6
Calculate the remainder when 162 is divided by 86.
76
Calculate the remainder when 325 is divided by 33.
28
Calculate the remainder when 111 is divided by 7.
6
Calculate the remainder when 141 is divided by 11.
9
Calculate the remainder when 12216 is divided by 149.
147
Calculate the remainder when 61 is divided by 6.
1
Calculate the remainder when 852 is divided by 33.
27
Calculate the remainder when 123 is divided by 22.
13
Calculate the remainder when 549 is divided by 36.
9
Calculate the remainder when 3741 is divided by 50.
41
What is the remainder when 319 is divided by 8?
7
Calculate the remainder when 667 is divided by 134.
131
What is the remainder when 108 is divided by 57?
51
Calculate the remainder when 69 is divided by 35.
34
What is the remainder when 2416 is divided by 110?
106
What is the remainder when 321 is divided by 13?
9
What is the remainder when 141 is divided by 24?
21
Calculate the remainder when 1238 is divided by 469.
300
Calculate the remainder when 198 is divided by 58.
24
What is the remainder when 804 is divided by 26?
24
What is the remainder when 634 is divided by 67?
31
What is the remainder when 164 is divided by 36?
20
Calculate the remainder when 533 is divided by 223.
87
What is the remainder when 475 is divided by 3?
1
Calculate the remainder when 519 is divided by 25.
19
What is the remainder when 302 is divided by 31?
23
What is the remainder when 88 is divided by 46?
42
What is the remainder when 183 is divided by 6?
3
Calculate the remainder when 1255 is divided by 30.
25
Calculate the remainder when 4230 is divided by 44.
6
Calculate the remainder when 1912 is divided by 66.
64
Calculate the remainder when 208 is divided by 11.
10
What is the remainder when 396 is divided by 131?
3
Calculate the remainder when 269 is divided by 49.
24
Calculate the remainder when 972 is divided by 25.
22
Calculate the remainder when 730 is divided by 247.
236
What is the remainder when 2412 is divided by 17?
15
Calculate the remainder when 10744 is divided by 7.
6
What is the remainder when 194 is divided by 28?
26
Calculate the remainder when 178 is divided by 12.
10
What is the remainder when 1372 is divided by 5?
2
Calculate the remainder when 23 is divided by 11.
1
Calculate the remainder when 400 is divided by 52.
36
Calculate the remainder when 181 is divided by 23.
20
What i